{"id":1862,"date":"2023-04-07T10:29:22","date_gmt":"2023-04-07T10:29:22","guid":{"rendered":"https:\/\/mt-mjernatehnika.com\/wordpress\/grupa-poduzeca-messtechnik\/"},"modified":"2025-09-08T12:30:57","modified_gmt":"2025-09-08T12:30:57","slug":"grupa-poduzeca-messtechnik","status":"publish","type":"page","link":"https:\/\/mt-merestechnika.net\/index.php\/vas-partner-za-energiju\/grupa-poduzeca-messtechnik\/","title":{"rendered":"A Messtechnik c\u00e9gcsoport"},"content":{"rendered":"\t\t<div data-elementor-type=\"wp-page\" data-elementor-id=\"1862\" class=\"elementor elementor-1862\">\n\t\t\t\t\t\t<section class=\"elementor-section elementor-top-section elementor-element elementor-element-1c6e22ed elementor-section-boxed elementor-section-height-default elementor-section-height-default\" data-id=\"1c6e22ed\" data-element_type=\"section\" data-e-type=\"section\">\n\t\t\t\t\t\t<div class=\"elementor-container elementor-column-gap-default\">\n\t\t\t\t\t<div class=\"elementor-column elementor-col-100 elementor-top-column elementor-element elementor-element-3e9540b7\" data-id=\"3e9540b7\" data-element_type=\"column\" data-e-type=\"column\">\n\t\t\t<div class=\"elementor-widget-wrap elementor-element-populated\">\n\t\t\t\t\t\t<div class=\"elementor-element elementor-element-4afb98f elementor-widget elementor-widget-heading\" data-id=\"4afb98f\" data-element_type=\"widget\" data-e-type=\"widget\" data-widget_type=\"heading.default\">\n\t\t\t\t<div class=\"elementor-widget-container\">\n\t\t\t\t\t<h1 class=\"elementor-heading-title elementor-size-default\">A MESSTECHNIK C\u00c9GCSOPORT\n<\/h1>\t\t\t\t<\/div>\n\t\t\t\t<\/div>\n\t\t\t\t\t<\/div>\n\t\t<\/div>\n\t\t\t\t\t<\/div>\n\t\t<\/section>\n\t\t\t\t<section class=\"elementor-section elementor-top-section elementor-element elementor-element-7700be7d elementor-section-boxed elementor-section-height-default elementor-section-height-default\" data-id=\"7700be7d\" data-element_type=\"section\" data-e-type=\"section\">\n\t\t\t\t\t\t<div class=\"elementor-container elementor-column-gap-default\">\n\t\t\t\t\t<div class=\"elementor-column elementor-col-100 elementor-top-column elementor-element elementor-element-4f8f2fed\" data-id=\"4f8f2fed\" data-element_type=\"column\" data-e-type=\"column\">\n\t\t\t<div class=\"elementor-widget-wrap elementor-element-populated\">\n\t\t\t\t\t\t<div class=\"elementor-element elementor-element-54111d37 elementor-widget elementor-widget-text-editor\" data-id=\"54111d37\" data-element_type=\"widget\" data-e-type=\"widget\" data-widget_type=\"text-editor.default\">\n\t\t\t\t<div class=\"elementor-widget-container\">\n\t\t\t\t\t\t\t\t\t<p>C\u00e9g\u00fcnk, az MT M\u00e9r\u00e9stechnika Kft. a Messtechnik c\u00e9gcsoport le\u00e1nyv\u00e1llalatak\u00e9nt imm\u00e1r 50 \u00e9ve \u00e1ll \u00fcgyfelei szolg\u00e1lat\u00e1ban a t\u00e9nyleges fogyaszt\u00e1son alapul\u00f3 k\u00f6lts\u00e9goszt\u00e1s \u00e9s elsz\u00e1mol\u00e1s szak\u00e9rt\u0151jek\u00e9nt. C\u00e9gcsoportunk Magyarorsz\u00e1gon, Ausztri\u00e1ban, Horv\u00e1torsz\u00e1gban, Szlov\u00e9ni\u00e1ban \u00e9s Eur\u00f3pa sz\u00e1mos orsz\u00e1g\u00e1ban t\u00f6bb milli\u00f3 f\u0171t\u00e9si k\u00f6lts\u00e9gmegoszt\u00f3 \u00e9s t\u00e1vjelad\u00f3s v\u00edzm\u00e9r\u0151 felszerel\u00e9s\u00e9t v\u00e9gezte el, \u00e9s a mai napig is ell\u00e1tja a k\u00e9sz\u00fcl\u00e9kek \u00e1ltal biztos\u00edtott adatok ki\u00e9rt\u00e9kel\u00e9s\u00e9t, valamint a t\u00e9nyleges fogyaszt\u00e1son alapul\u00f3 elsz\u00e1mol\u00e1sok elk\u00e9sz\u00edt\u00e9s\u00e9t. Munk\u00e1nk egyben a hivat\u00e1sunk is, melyet hossz\u00fat\u00e1v\u00fa partnerkapcsolataink tesznek igaz\u00e1n sikeress\u00e9.<\/p>\t\t\t\t\t\t\t\t<\/div>\n\t\t\t\t<\/div>\n\t\t\t\t\t<\/div>\n\t\t<\/div>\n\t\t\t\t\t<\/div>\n\t\t<\/section>\n\t\t\t\t<section class=\"elementor-section elementor-top-section elementor-element elementor-element-383acfb3 elementor-section-boxed elementor-section-height-default elementor-section-height-default\" data-id=\"383acfb3\" data-element_type=\"section\" data-e-type=\"section\">\n\t\t\t\t\t\t<div class=\"elementor-container elementor-column-gap-default\">\n\t\t\t\t\t<div class=\"elementor-column elementor-col-100 elementor-top-column elementor-element elementor-element-981d00\" data-id=\"981d00\" data-element_type=\"column\" data-e-type=\"column\">\n\t\t\t<div class=\"elementor-widget-wrap elementor-element-populated\">\n\t\t\t\t\t\t<div class=\"elementor-element elementor-element-3d49ae00 elementor-widget elementor-widget-image\" data-id=\"3d49ae00\" data-element_type=\"widget\" data-e-type=\"widget\" data-widget_type=\"image.default\">\n\t\t\t\t<div class=\"elementor-widget-container\">\n\t\t\t\t\t\t\t\t\t\t\t\t\t\t\t<img fetchpriority=\"high\" decoding=\"async\" width=\"1024\" height=\"398\" src=\"https:\/\/mt-merestechnika.net\/wp-content\/uploads\/2023\/04\/Firmengebaeude_Auto-2048x796-1-1024x398.jpg\" class=\"attachment-large size-large wp-image-1863\" alt=\"\" srcset=\"https:\/\/mt-merestechnika.net\/wp-content\/uploads\/2023\/04\/Firmengebaeude_Auto-2048x796-1-1024x398.jpg 1024w, https:\/\/mt-merestechnika.net\/wp-content\/uploads\/2023\/04\/Firmengebaeude_Auto-2048x796-1-300x117.jpg 300w, https:\/\/mt-merestechnika.net\/wp-content\/uploads\/2023\/04\/Firmengebaeude_Auto-2048x796-1-768x299.jpg 768w, https:\/\/mt-merestechnika.net\/wp-content\/uploads\/2023\/04\/Firmengebaeude_Auto-2048x796-1-1536x597.jpg 1536w, https:\/\/mt-merestechnika.net\/wp-content\/uploads\/2023\/04\/Firmengebaeude_Auto-2048x796-1-600x233.jpg 600w, https:\/\/mt-merestechnika.net\/wp-content\/uploads\/2023\/04\/Firmengebaeude_Auto-2048x796-1.jpg 2048w\" sizes=\"(max-width: 1024px) 100vw, 1024px\" \/>\t\t\t\t\t\t\t\t\t\t\t\t\t\t\t<\/div>\n\t\t\t\t<\/div>\n\t\t\t\t\t<\/div>\n\t\t<\/div>\n\t\t\t\t\t<\/div>\n\t\t<\/section>\n\t\t\t\t<section class=\"elementor-section elementor-top-section elementor-element elementor-element-1809634a elementor-section-boxed elementor-section-height-default elementor-section-height-default\" data-id=\"1809634a\" data-element_type=\"section\" data-e-type=\"section\">\n\t\t\t\t\t\t<div class=\"elementor-container elementor-column-gap-default\">\n\t\t\t\t\t<div class=\"elementor-column elementor-col-100 elementor-top-column elementor-element elementor-element-6854258d\" data-id=\"6854258d\" data-element_type=\"column\" data-e-type=\"column\">\n\t\t\t<div class=\"elementor-widget-wrap elementor-element-populated\">\n\t\t\t\t\t\t<div class=\"elementor-element elementor-element-148535da elementor-widget elementor-widget-text-editor\" data-id=\"148535da\" data-element_type=\"widget\" data-e-type=\"widget\" data-widget_type=\"text-editor.default\">\n\t\t\t\t<div class=\"elementor-widget-container\">\n\t\t\t\t\t\t\t\t\t<p><strong>T\u00c1VJELAD\u00d3S FOGYASZT\u00c1SM\u00c9R\u0150 ESZK\u00d6Z\u00d6K T\u00c1RSASAH\u00c1ZAK, IRODAH\u00c1ZAK, K\u00d6Z\u00c9P\u00dcLETEK R\u00c9SZ\u00c9RE<\/strong><br \/><br \/>R\u00e1di\u00f3s f\u0171t\u00e9si k\u00f6lts\u00e9gmegoszt\u00f3k, t\u00e1vjelad\u00f3s v\u00edzm\u00e9r\u0151k, t\u00e1vjelad\u00f3s h\u0151mennyis\u00e9gm\u00e9r\u0151ket k\u00edn\u00e1lunk t\u00e1rsash\u00e1zak, irodah\u00e1zak, k\u00f6zm\u0171vek r\u00e9sz\u00e9re, amelyek egyszer\u0171bb\u00e9 \u00e9s \u00e1tl\u00e1that\u00f3bb\u00e1 teszik a lak\u00f3k f\u0171t\u00e9sienergia \u00e9s v\u00edzfogyaszt\u00e1s\u00e1nak m\u00e9r\u00e9s\u00e9t.<\/p><table width=\"344\"><tbody><tr><td width=\"344\">C\u00e9g\u00fcnk ingatlantulajdonosok, b\u00e9rl\u0151k, h\u00e1z\u2013 \u00e9s ingatlan-kezel\u0151k, gener\u00e1lkivitelez\u0151k, energiaszolg\u00e1ltat\u00f3k, valamint v\u00edz-, g\u00e1zszerel\u0151 c\u00e9gek kompetens partnere. \u00dcgyfeleink el\u00e9gedetts\u00e9g\u00e9t technol\u00f3gi\u00e1nk t\u00f6k\u00e9letes\u00edt\u00e9s\u00e9vel, egyedi \u00e1rk\u00e9pz\u00e9seinkkel, min\u0151s\u00e9gi term\u00e9keink \u00e9s szolg\u00e1ltat\u00e1saink folyamatos fejleszt\u00e9s\u00e9vel \u00e9rj\u00fck el. C\u00e9lunk, hogy modern \u00e9s innovat\u00edv eszk\u00f6zeinkkel megold\u00e1st ny\u00fajtsunk leend\u0151 \u00e9s megl\u00e9v\u0151 \u00fcgyfeleink felmer\u00fcl\u0151 probl\u00e9m\u00e1ira a h\u0151energia- \u00e9s v\u00edzm\u00e9r\u00e9s ter\u00fclet\u00e9n. 17 \u00e9ve dolgozunk Magyarorsz\u00e1gon, t\u00f6bb, mint 70 telep\u00fcl\u00e9sen szolg\u00e1ltatunk \u00e9s t\u00f6bb sz\u00e1zezer m\u00e9r\u0151eszk\u00f6z telep\u00edt\u00e9s\u00e9t v\u00e9gezt\u00fck el \u00fcgyfeleink el\u00e9gedetts\u00e9g\u00e9re.\u00a0<\/td><\/tr><\/tbody><\/table>\t\t\t\t\t\t\t\t<\/div>\n\t\t\t\t<\/div>\n\t\t\t\t\t<\/div>\n\t\t<\/div>\n\t\t\t\t\t<\/div>\n\t\t<\/section>\n\t\t\t\t<\/div>\n\t\t","protected":false},"excerpt":{"rendered":"<p>A MESSTECHNIK C\u00c9GCSOPORT C\u00e9g\u00fcnk, az MT M\u00e9r\u00e9stechnika Kft. a Messtechnik c\u00e9gcsoport le\u00e1nyv\u00e1llalatak\u00e9nt imm\u00e1r 50 \u00e9ve \u00e1ll \u00fcgyfelei szolg\u00e1lat\u00e1ban a t\u00e9nyleges fogyaszt\u00e1son alapul\u00f3 k\u00f6lts\u00e9goszt\u00e1s \u00e9s elsz\u00e1mol\u00e1s szak\u00e9rt\u0151jek\u00e9nt. C\u00e9gcsoportunk Magyarorsz\u00e1gon, Ausztri\u00e1ban, Horv\u00e1torsz\u00e1gban, Szlov\u00e9ni\u00e1ban \u00e9s Eur\u00f3pa sz\u00e1mos orsz\u00e1g\u00e1ban t\u00f6bb milli\u00f3 f\u0171t\u00e9si k\u00f6lts\u00e9gmegoszt\u00f3 \u00e9s t\u00e1vjelad\u00f3s v\u00edzm\u00e9r\u0151 felszerel\u00e9s\u00e9t v\u00e9gezte el, \u00e9s a mai napig is ell\u00e1tja a k\u00e9sz\u00fcl\u00e9kek \u00e1ltal biztos\u00edtott [&hellip;]<\/p>\n","protected":false},"author":1,"featured_media":0,"parent":1846,"menu_order":0,"comment_status":"closed","ping_status":"closed","template":"elementor_header_footer","meta":{"ocean_post_layout":"","ocean_both_sidebars_style":"","ocean_both_sidebars_content_width":0,"ocean_both_sidebars_sidebars_width":0,"ocean_sidebar":"0","ocean_second_sidebar":"0","ocean_disable_margins":"enable","ocean_add_body_class":"","ocean_shortcode_before_top_bar":"","ocean_shortcode_after_top_bar":"","ocean_shortcode_before_header":"","ocean_shortcode_after_header":"","ocean_has_shortcode":"","ocean_shortcode_after_title":"","ocean_shortcode_before_footer_widgets":"","ocean_shortcode_after_footer_widgets":"","ocean_shortcode_before_footer_bottom":"","ocean_shortcode_after_footer_bottom":"","ocean_display_top_bar":"default","ocean_display_header":"default","ocean_header_style":"","ocean_center_header_left_menu":"0","ocean_custom_header_template":"0","ocean_custom_logo":0,"ocean_custom_retina_logo":0,"ocean_custom_logo_max_width":0,"ocean_custom_logo_tablet_max_width":0,"ocean_custom_logo_mobile_max_width":0,"ocean_custom_logo_max_height":0,"ocean_custom_logo_tablet_max_height":0,"ocean_custom_logo_mobile_max_height":0,"ocean_header_custom_menu":"0","ocean_menu_typo_font_family":"0","ocean_menu_typo_font_subset":"","ocean_menu_typo_font_size":0,"ocean_menu_typo_font_size_tablet":0,"ocean_menu_typo_font_size_mobile":0,"ocean_menu_typo_font_size_unit":"px","ocean_menu_typo_font_weight":"","ocean_menu_typo_font_weight_tablet":"","ocean_menu_typo_font_weight_mobile":"","ocean_menu_typo_transform":"","ocean_menu_typo_transform_tablet":"","ocean_menu_typo_transform_mobile":"","ocean_menu_typo_line_height":0,"ocean_menu_typo_line_height_tablet":0,"ocean_menu_typo_line_height_mobile":0,"ocean_menu_typo_line_height_unit":"","ocean_menu_typo_spacing":0,"ocean_menu_typo_spacing_tablet":0,"ocean_menu_typo_spacing_mobile":0,"ocean_menu_typo_spacing_unit":"","ocean_menu_link_color":"","ocean_menu_link_color_hover":"","ocean_menu_link_color_active":"","ocean_menu_link_background":"","ocean_menu_link_hover_background":"","ocean_menu_link_active_background":"","ocean_menu_social_links_bg":"","ocean_menu_social_hover_links_bg":"","ocean_menu_social_links_color":"","ocean_menu_social_hover_links_color":"","ocean_disable_title":"default","ocean_disable_heading":"default","ocean_post_title":"","ocean_post_subheading":"","ocean_post_title_style":"","ocean_post_title_background_color":"","ocean_post_title_background":0,"ocean_post_title_bg_image_position":"","ocean_post_title_bg_image_attachment":"","ocean_post_title_bg_image_repeat":"","ocean_post_title_bg_image_size":"","ocean_post_title_height":0,"ocean_post_title_bg_overlay":0.5,"ocean_post_title_bg_overlay_color":"","ocean_disable_breadcrumbs":"default","ocean_breadcrumbs_color":"","ocean_breadcrumbs_separator_color":"","ocean_breadcrumbs_links_color":"","ocean_breadcrumbs_links_hover_color":"","ocean_display_footer_widgets":"default","ocean_display_footer_bottom":"default","ocean_custom_footer_template":"0","footnotes":""},"class_list":["post-1862","page","type-page","status-publish","hentry","entry","owp-thumbs-layout-horizontal","owp-btn-normal","owp-tabs-layout-horizontal","has-no-thumbnails","has-product-nav"],"yoast_head":"<!-- This site is optimized with the Yoast SEO plugin v27.6 - https:\/\/yoast.com\/product\/yoast-seo-wordpress\/ -->\n<title>A Messtechnik c\u00e9gcsoport - MT M\u00e9r\u00e9stechnika<\/title>\n<meta name=\"robots\" content=\"index, follow, max-snippet:-1, max-image-preview:large, max-video-preview:-1\" \/>\n<link rel=\"canonical\" href=\"https:\/\/mt-merestechnika.net\/index.php\/vas-partner-za-energiju\/grupa-poduzeca-messtechnik\/\" \/>\n<meta property=\"og:locale\" content=\"de_DE\" \/>\n<meta property=\"og:type\" content=\"article\" \/>\n<meta property=\"og:title\" content=\"A Messtechnik c\u00e9gcsoport - MT M\u00e9r\u00e9stechnika\" \/>\n<meta property=\"og:description\" content=\"A MESSTECHNIK C\u00c9GCSOPORT C\u00e9g\u00fcnk, az MT M\u00e9r\u00e9stechnika Kft. a Messtechnik c\u00e9gcsoport le\u00e1nyv\u00e1llalatak\u00e9nt imm\u00e1r 50 \u00e9ve \u00e1ll \u00fcgyfelei szolg\u00e1lat\u00e1ban a t\u00e9nyleges fogyaszt\u00e1son alapul\u00f3 k\u00f6lts\u00e9goszt\u00e1s \u00e9s elsz\u00e1mol\u00e1s szak\u00e9rt\u0151jek\u00e9nt. C\u00e9gcsoportunk Magyarorsz\u00e1gon, Ausztri\u00e1ban, Horv\u00e1torsz\u00e1gban, Szlov\u00e9ni\u00e1ban \u00e9s Eur\u00f3pa sz\u00e1mos orsz\u00e1g\u00e1ban t\u00f6bb milli\u00f3 f\u0171t\u00e9si k\u00f6lts\u00e9gmegoszt\u00f3 \u00e9s t\u00e1vjelad\u00f3s v\u00edzm\u00e9r\u0151 felszerel\u00e9s\u00e9t v\u00e9gezte el, \u00e9s a mai napig is ell\u00e1tja a k\u00e9sz\u00fcl\u00e9kek \u00e1ltal biztos\u00edtott [&hellip;]\" \/>\n<meta property=\"og:url\" content=\"https:\/\/mt-merestechnika.net\/index.php\/vas-partner-za-energiju\/grupa-poduzeca-messtechnik\/\" \/>\n<meta property=\"og:site_name\" content=\"MT M\u00e9r\u00e9stechnika\" \/>\n<meta property=\"article:modified_time\" content=\"2025-09-08T12:30:57+00:00\" \/>\n<meta property=\"og:image\" content=\"https:\/\/mt-merestechnika.net\/wp-content\/uploads\/2023\/04\/Firmengebaeude_Auto-2048x796-1-1024x398.jpg\" \/>\n<meta name=\"twitter:card\" content=\"summary_large_image\" \/>\n<meta name=\"twitter:label1\" content=\"Gesch\u00e4tzte Lesezeit\" \/>\n\t<meta name=\"twitter:data1\" content=\"2\u00a0Minuten\" \/>\n<script type=\"application\/ld+json\" class=\"yoast-schema-graph\">{\"@context\":\"https:\\\/\\\/schema.org\",\"@graph\":[{\"@type\":\"WebPage\",\"@id\":\"https:\\\/\\\/mt-merestechnika.net\\\/index.php\\\/vas-partner-za-energiju\\\/grupa-poduzeca-messtechnik\\\/\",\"url\":\"https:\\\/\\\/mt-merestechnika.net\\\/index.php\\\/vas-partner-za-energiju\\\/grupa-poduzeca-messtechnik\\\/\",\"name\":\"A Messtechnik c\u00e9gcsoport - MT M\u00e9r\u00e9stechnika\",\"isPartOf\":{\"@id\":\"https:\\\/\\\/mt-merestechnika.net\\\/#website\"},\"primaryImageOfPage\":{\"@id\":\"https:\\\/\\\/mt-merestechnika.net\\\/index.php\\\/vas-partner-za-energiju\\\/grupa-poduzeca-messtechnik\\\/#primaryimage\"},\"image\":{\"@id\":\"https:\\\/\\\/mt-merestechnika.net\\\/index.php\\\/vas-partner-za-energiju\\\/grupa-poduzeca-messtechnik\\\/#primaryimage\"},\"thumbnailUrl\":\"https:\\\/\\\/mt-merestechnika.net\\\/wp-content\\\/uploads\\\/2023\\\/04\\\/Firmengebaeude_Auto-2048x796-1-1024x398.jpg\",\"datePublished\":\"2023-04-07T10:29:22+00:00\",\"dateModified\":\"2025-09-08T12:30:57+00:00\",\"breadcrumb\":{\"@id\":\"https:\\\/\\\/mt-merestechnika.net\\\/index.php\\\/vas-partner-za-energiju\\\/grupa-poduzeca-messtechnik\\\/#breadcrumb\"},\"inLanguage\":\"de\",\"potentialAction\":[{\"@type\":\"ReadAction\",\"target\":[\"https:\\\/\\\/mt-merestechnika.net\\\/index.php\\\/vas-partner-za-energiju\\\/grupa-poduzeca-messtechnik\\\/\"]}]},{\"@type\":\"ImageObject\",\"inLanguage\":\"de\",\"@id\":\"https:\\\/\\\/mt-merestechnika.net\\\/index.php\\\/vas-partner-za-energiju\\\/grupa-poduzeca-messtechnik\\\/#primaryimage\",\"url\":\"https:\\\/\\\/mt-merestechnika.net\\\/wp-content\\\/uploads\\\/2023\\\/04\\\/Firmengebaeude_Auto-2048x796-1.jpg\",\"contentUrl\":\"https:\\\/\\\/mt-merestechnika.net\\\/wp-content\\\/uploads\\\/2023\\\/04\\\/Firmengebaeude_Auto-2048x796-1.jpg\",\"width\":2048,\"height\":796},{\"@type\":\"BreadcrumbList\",\"@id\":\"https:\\\/\\\/mt-merestechnika.net\\\/index.php\\\/vas-partner-za-energiju\\\/grupa-poduzeca-messtechnik\\\/#breadcrumb\",\"itemListElement\":[{\"@type\":\"ListItem\",\"position\":1,\"name\":\"Start\",\"item\":\"https:\\\/\\\/mt-merestechnika.net\\\/\"},{\"@type\":\"ListItem\",\"position\":2,\"name\":\"Az \u00d6n energiapartnere\",\"item\":\"https:\\\/\\\/mt-merestechnika.net\\\/index.php\\\/vas-partner-za-energiju\\\/\"},{\"@type\":\"ListItem\",\"position\":3,\"name\":\"A Messtechnik c\u00e9gcsoport\"}]},{\"@type\":\"WebSite\",\"@id\":\"https:\\\/\\\/mt-merestechnika.net\\\/#website\",\"url\":\"https:\\\/\\\/mt-merestechnika.net\\\/\",\"name\":\"MT M\u00e9r\u00e9stechnika\",\"description\":\"AZ \u00d6N ENERGIAPARTNERE\",\"publisher\":{\"@id\":\"https:\\\/\\\/mt-merestechnika.net\\\/#organization\"},\"potentialAction\":[{\"@type\":\"SearchAction\",\"target\":{\"@type\":\"EntryPoint\",\"urlTemplate\":\"https:\\\/\\\/mt-merestechnika.net\\\/?s={search_term_string}\"},\"query-input\":{\"@type\":\"PropertyValueSpecification\",\"valueRequired\":true,\"valueName\":\"search_term_string\"}}],\"inLanguage\":\"de\"},{\"@type\":\"Organization\",\"@id\":\"https:\\\/\\\/mt-merestechnika.net\\\/#organization\",\"name\":\"MT M\u00e9r\u00e9stechnika\",\"url\":\"https:\\\/\\\/mt-merestechnika.net\\\/\",\"logo\":{\"@type\":\"ImageObject\",\"inLanguage\":\"de\",\"@id\":\"https:\\\/\\\/mt-merestechnika.net\\\/#\\\/schema\\\/logo\\\/image\\\/\",\"url\":\"https:\\\/\\\/mt-merestechnika.net\\\/wp-content\\\/uploads\\\/2023\\\/11\\\/cropped-logo_hu_web_425px.png\",\"contentUrl\":\"https:\\\/\\\/mt-merestechnika.net\\\/wp-content\\\/uploads\\\/2023\\\/11\\\/cropped-logo_hu_web_425px.png\",\"width\":425,\"height\":65,\"caption\":\"MT M\u00e9r\u00e9stechnika\"},\"image\":{\"@id\":\"https:\\\/\\\/mt-merestechnika.net\\\/#\\\/schema\\\/logo\\\/image\\\/\"}}]}<\/script>\n<!-- \/ Yoast SEO plugin. -->","yoast_head_json":{"title":"A Messtechnik c\u00e9gcsoport - MT M\u00e9r\u00e9stechnika","robots":{"index":"index","follow":"follow","max-snippet":"max-snippet:-1","max-image-preview":"max-image-preview:large","max-video-preview":"max-video-preview:-1"},"canonical":"https:\/\/mt-merestechnika.net\/index.php\/vas-partner-za-energiju\/grupa-poduzeca-messtechnik\/","og_locale":"de_DE","og_type":"article","og_title":"A Messtechnik c\u00e9gcsoport - MT M\u00e9r\u00e9stechnika","og_description":"A MESSTECHNIK C\u00c9GCSOPORT C\u00e9g\u00fcnk, az MT M\u00e9r\u00e9stechnika Kft. a Messtechnik c\u00e9gcsoport le\u00e1nyv\u00e1llalatak\u00e9nt imm\u00e1r 50 \u00e9ve \u00e1ll \u00fcgyfelei szolg\u00e1lat\u00e1ban a t\u00e9nyleges fogyaszt\u00e1son alapul\u00f3 k\u00f6lts\u00e9goszt\u00e1s \u00e9s elsz\u00e1mol\u00e1s szak\u00e9rt\u0151jek\u00e9nt. C\u00e9gcsoportunk Magyarorsz\u00e1gon, Ausztri\u00e1ban, Horv\u00e1torsz\u00e1gban, Szlov\u00e9ni\u00e1ban \u00e9s Eur\u00f3pa sz\u00e1mos orsz\u00e1g\u00e1ban t\u00f6bb milli\u00f3 f\u0171t\u00e9si k\u00f6lts\u00e9gmegoszt\u00f3 \u00e9s t\u00e1vjelad\u00f3s v\u00edzm\u00e9r\u0151 felszerel\u00e9s\u00e9t v\u00e9gezte el, \u00e9s a mai napig is ell\u00e1tja a k\u00e9sz\u00fcl\u00e9kek \u00e1ltal biztos\u00edtott [&hellip;]","og_url":"https:\/\/mt-merestechnika.net\/index.php\/vas-partner-za-energiju\/grupa-poduzeca-messtechnik\/","og_site_name":"MT M\u00e9r\u00e9stechnika","article_modified_time":"2025-09-08T12:30:57+00:00","og_image":[{"url":"https:\/\/mt-merestechnika.net\/wp-content\/uploads\/2023\/04\/Firmengebaeude_Auto-2048x796-1-1024x398.jpg","type":"","width":"","height":""}],"twitter_card":"summary_large_image","twitter_misc":{"Gesch\u00e4tzte Lesezeit":"2\u00a0Minuten"},"schema":{"@context":"https:\/\/schema.org","@graph":[{"@type":"WebPage","@id":"https:\/\/mt-merestechnika.net\/index.php\/vas-partner-za-energiju\/grupa-poduzeca-messtechnik\/","url":"https:\/\/mt-merestechnika.net\/index.php\/vas-partner-za-energiju\/grupa-poduzeca-messtechnik\/","name":"A Messtechnik c\u00e9gcsoport - MT M\u00e9r\u00e9stechnika","isPartOf":{"@id":"https:\/\/mt-merestechnika.net\/#website"},"primaryImageOfPage":{"@id":"https:\/\/mt-merestechnika.net\/index.php\/vas-partner-za-energiju\/grupa-poduzeca-messtechnik\/#primaryimage"},"image":{"@id":"https:\/\/mt-merestechnika.net\/index.php\/vas-partner-za-energiju\/grupa-poduzeca-messtechnik\/#primaryimage"},"thumbnailUrl":"https:\/\/mt-merestechnika.net\/wp-content\/uploads\/2023\/04\/Firmengebaeude_Auto-2048x796-1-1024x398.jpg","datePublished":"2023-04-07T10:29:22+00:00","dateModified":"2025-09-08T12:30:57+00:00","breadcrumb":{"@id":"https:\/\/mt-merestechnika.net\/index.php\/vas-partner-za-energiju\/grupa-poduzeca-messtechnik\/#breadcrumb"},"inLanguage":"de","potentialAction":[{"@type":"ReadAction","target":["https:\/\/mt-merestechnika.net\/index.php\/vas-partner-za-energiju\/grupa-poduzeca-messtechnik\/"]}]},{"@type":"ImageObject","inLanguage":"de","@id":"https:\/\/mt-merestechnika.net\/index.php\/vas-partner-za-energiju\/grupa-poduzeca-messtechnik\/#primaryimage","url":"https:\/\/mt-merestechnika.net\/wp-content\/uploads\/2023\/04\/Firmengebaeude_Auto-2048x796-1.jpg","contentUrl":"https:\/\/mt-merestechnika.net\/wp-content\/uploads\/2023\/04\/Firmengebaeude_Auto-2048x796-1.jpg","width":2048,"height":796},{"@type":"BreadcrumbList","@id":"https:\/\/mt-merestechnika.net\/index.php\/vas-partner-za-energiju\/grupa-poduzeca-messtechnik\/#breadcrumb","itemListElement":[{"@type":"ListItem","position":1,"name":"Start","item":"https:\/\/mt-merestechnika.net\/"},{"@type":"ListItem","position":2,"name":"Az \u00d6n energiapartnere","item":"https:\/\/mt-merestechnika.net\/index.php\/vas-partner-za-energiju\/"},{"@type":"ListItem","position":3,"name":"A Messtechnik c\u00e9gcsoport"}]},{"@type":"WebSite","@id":"https:\/\/mt-merestechnika.net\/#website","url":"https:\/\/mt-merestechnika.net\/","name":"MT M\u00e9r\u00e9stechnika","description":"AZ \u00d6N ENERGIAPARTNERE","publisher":{"@id":"https:\/\/mt-merestechnika.net\/#organization"},"potentialAction":[{"@type":"SearchAction","target":{"@type":"EntryPoint","urlTemplate":"https:\/\/mt-merestechnika.net\/?s={search_term_string}"},"query-input":{"@type":"PropertyValueSpecification","valueRequired":true,"valueName":"search_term_string"}}],"inLanguage":"de"},{"@type":"Organization","@id":"https:\/\/mt-merestechnika.net\/#organization","name":"MT M\u00e9r\u00e9stechnika","url":"https:\/\/mt-merestechnika.net\/","logo":{"@type":"ImageObject","inLanguage":"de","@id":"https:\/\/mt-merestechnika.net\/#\/schema\/logo\/image\/","url":"https:\/\/mt-merestechnika.net\/wp-content\/uploads\/2023\/11\/cropped-logo_hu_web_425px.png","contentUrl":"https:\/\/mt-merestechnika.net\/wp-content\/uploads\/2023\/11\/cropped-logo_hu_web_425px.png","width":425,"height":65,"caption":"MT M\u00e9r\u00e9stechnika"},"image":{"@id":"https:\/\/mt-merestechnika.net\/#\/schema\/logo\/image\/"}}]}},"jetpack_sharing_enabled":true,"_links":{"self":[{"href":"https:\/\/mt-merestechnika.net\/index.php\/wp-json\/wp\/v2\/pages\/1862","targetHints":{"allow":["GET"]}}],"collection":[{"href":"https:\/\/mt-merestechnika.net\/index.php\/wp-json\/wp\/v2\/pages"}],"about":[{"href":"https:\/\/mt-merestechnika.net\/index.php\/wp-json\/wp\/v2\/types\/page"}],"author":[{"embeddable":true,"href":"https:\/\/mt-merestechnika.net\/index.php\/wp-json\/wp\/v2\/users\/1"}],"replies":[{"embeddable":true,"href":"https:\/\/mt-merestechnika.net\/index.php\/wp-json\/wp\/v2\/comments?post=1862"}],"version-history":[{"count":7,"href":"https:\/\/mt-merestechnika.net\/index.php\/wp-json\/wp\/v2\/pages\/1862\/revisions"}],"predecessor-version":[{"id":21550,"href":"https:\/\/mt-merestechnika.net\/index.php\/wp-json\/wp\/v2\/pages\/1862\/revisions\/21550"}],"up":[{"embeddable":true,"href":"https:\/\/mt-merestechnika.net\/index.php\/wp-json\/wp\/v2\/pages\/1846"}],"wp:attachment":[{"href":"https:\/\/mt-merestechnika.net\/index.php\/wp-json\/wp\/v2\/media?parent=1862"}],"curies":[{"name":"wp","href":"https:\/\/api.w.org\/{rel}","templated":true}]}}