{"id":18532,"date":"2023-02-02T16:48:18","date_gmt":"2023-02-02T14:48:18","guid":{"rendered":"https:\/\/www.messtechnik.at\/wordpress\/produkte\/wireless-m-bus\/amb-wire-8665-m-2\/"},"modified":"2025-09-08T12:31:02","modified_gmt":"2025-09-08T12:31:02","slug":"padp-m2-w","status":"publish","type":"page","link":"https:\/\/mt-merestechnika.net\/index.php\/proizvodi\/wireless-m-bus\/padp-m2-w\/","title":{"rendered":"PADP-M2-W"},"content":{"rendered":"\t\t<div data-elementor-type=\"wp-page\" data-elementor-id=\"18532\" class=\"elementor elementor-18532\">\n\t\t\t\t\t\t<section class=\"elementor-section elementor-top-section elementor-element elementor-element-d7a4f0c elementor-section-boxed elementor-section-height-default elementor-section-height-default\" data-id=\"d7a4f0c\" data-element_type=\"section\" data-e-type=\"section\">\n\t\t\t\t\t\t<div class=\"elementor-container elementor-column-gap-default\">\n\t\t\t\t\t<div class=\"elementor-column elementor-col-100 elementor-top-column elementor-element elementor-element-ba20b5b\" data-id=\"ba20b5b\" data-element_type=\"column\" data-e-type=\"column\">\n\t\t\t<div class=\"elementor-widget-wrap elementor-element-populated\">\n\t\t\t\t\t\t<div class=\"elementor-element elementor-element-7764140 elementor-widget elementor-widget-heading\" data-id=\"7764140\" data-element_type=\"widget\" data-e-type=\"widget\" data-widget_type=\"heading.default\">\n\t\t\t\t<div class=\"elementor-widget-container\">\n\t\t\t\t\t<h1 class=\"elementor-heading-title elementor-size-default\">Vezet\u00e9k n\u00e9lk\u00fcli M-Bus 2 csatorn\u00e1s \nPADP-M2-W t\u00edpus\u00fa impulzusadapter \nimpulzuskimenettel rendelkez\u0151 hagyom\u00e1nyos fogyaszt\u00e1sm\u00e9r\u0151k \nvezet\u00e9k n\u00e9lk\u00fcli M-Bus r\u00e1di\u00f3h\u00e1l\u00f3zatba t\u00f6rt\u00e9n\u0151 integr\u00e1l\u00e1s\u00e1hoz<\/h1>\t\t\t\t<\/div>\n\t\t\t\t<\/div>\n\t\t\t\t\t<\/div>\n\t\t<\/div>\n\t\t\t\t\t<\/div>\n\t\t<\/section>\n\t\t\t\t<section class=\"elementor-section elementor-top-section elementor-element elementor-element-aa8fe8e elementor-section-boxed elementor-section-height-default elementor-section-height-default\" data-id=\"aa8fe8e\" data-element_type=\"section\" data-e-type=\"section\">\n\t\t\t\t\t\t<div class=\"elementor-container elementor-column-gap-default\">\n\t\t\t\t\t<div class=\"elementor-column elementor-col-100 elementor-top-column elementor-element elementor-element-bd25a71\" data-id=\"bd25a71\" data-element_type=\"column\" data-e-type=\"column\">\n\t\t\t<div class=\"elementor-widget-wrap elementor-element-populated\">\n\t\t\t\t\t\t<div class=\"elementor-element elementor-element-11fd074 elementor-widget elementor-widget-text-editor\" data-id=\"11fd074\" data-element_type=\"widget\" data-e-type=\"widget\" data-widget_type=\"text-editor.default\">\n\t\t\t\t<div class=\"elementor-widget-container\">\n\t\t\t\t\t\t\t\t\t<p class=\"p1\"><strong>Vezet\u00e9k n\u00e9lk\u00fcli M-Bus 2 csatorn\u00e1s PADP-M2-W t\u00edpus\u00fa impulzusadapter impulzuskimenettel rendelkez\u0151 hagyom\u00e1nyos fogyaszt\u00e1sm\u00e9r\u0151k vezet\u00e9k n\u00e9lk\u00fcli M-Bus r\u00e1di\u00f3h\u00e1l\u00f3zatba t\u00f6rt\u00e9n\u0151 integr\u00e1l\u00e1s\u00e1hoz a k\u00f6vetkez\u0151 m\u0171szaki jellemz\u0151kkel: <\/strong><\/p>\t\t\t\t\t\t\t\t<\/div>\n\t\t\t\t<\/div>\n\t\t\t\t\t<\/div>\n\t\t<\/div>\n\t\t\t\t\t<\/div>\n\t\t<\/section>\n\t\t\t\t<section class=\"elementor-section elementor-top-section elementor-element elementor-element-a0f1868 elementor-section-boxed elementor-section-height-default elementor-section-height-default\" data-id=\"a0f1868\" data-element_type=\"section\" data-e-type=\"section\">\n\t\t\t\t\t\t<div class=\"elementor-container elementor-column-gap-default\">\n\t\t\t\t\t<div class=\"elementor-column elementor-col-50 elementor-top-column elementor-element elementor-element-acd229c\" data-id=\"acd229c\" data-element_type=\"column\" data-e-type=\"column\">\n\t\t\t<div class=\"elementor-widget-wrap elementor-element-populated\">\n\t\t\t\t\t\t<div class=\"elementor-element elementor-element-4f65f6d elementor-widget elementor-widget-text-editor\" data-id=\"4f65f6d\" data-element_type=\"widget\" data-e-type=\"widget\" data-widget_type=\"text-editor.default\">\n\t\t\t\t<div class=\"elementor-widget-container\">\n\t\t\t\t\t\t\t\t\t<ul><li class=\"p1\">A PADP-M2-W t\u00edpus\u00fa k\u00e9sz\u00fcl\u00e9k impulzuskimenettel rendelkez\u0151, <br \/>legfeljebb kett\u0151 hagyom\u00e1nyos fogyaszt\u00e1sm\u00e9r\u0151k vezet\u00e9k n\u00e9lk\u00fcli M-Bus r\u00e1di\u00f3s rendszerbe t\u00f6rt\u00e9n\u0151 vezet\u00e9k n\u00e9lk\u00fcli integr\u00e1l\u00e1s\u00e1ra szolg\u00e1l.<\/li><li class=\"p1\">A k\u00e9t sz\u00e1ml\u00e1l\u00f3bemenet egy adapterk\u00e1belen kereszt\u00fcl szinte tetsz\u0151legesen programozhat\u00f3, \u00e9s \u00edgy a megl\u00e9v\u0151 berendez\u00e9sekhez igaz\u00edthat\u00f3<\/li><li class=\"p1\">A kommunik\u00e1ci\u00f3s interf\u00e9sszel nem rendelkez\u0151 v\u00edz-, villany-, g\u00e1z- \u00e9s h\u0151mennyis\u00e9gm\u00e9r\u0151k leolvasott \u00e9rt\u00e9kei \u00edgy k\u00f6nnyen tov\u00e1bb\u00edthat\u00f3k r\u00e1di\u00f3n kereszt\u00fcl egy vezet\u00e9k n\u00e9lk\u00fcli M-Bus vev\u0151egys\u00e9gre<\/li><li class=\"p1\">Vezet\u00e9k n\u00e9lk\u00fcli M-Bus az EN13757-4 szabv\u00e1ny szerint S, T \u00e9s C \u00fczemm\u00f3dban<\/li><li class=\"p1\">OMS-kompatibilis<\/li><li class=\"p1\">Frekvenciatartom\u00e1ny 868 MHz<\/li><li class=\"p1\">Opcion\u00e1lis titkos\u00edt\u00e1s Mode 5 vagy 7, AES<\/li><li class=\"p1\">Szinkron \u00e1tvitel<\/li><li class=\"p1\">10 m\u00e1sodperc \u00e9s 15 perc k\u00f6z\u00f6tt konfigur\u00e1lhat\u00f3 \u00e1tviteli id\u0151k\u00f6z<\/li><li class=\"p1\">Konfigur\u00e1ci\u00f3 ingyenes szoftverrel USB TTL k\u00e1belen kereszt\u00fcl<\/li><li class=\"p1\">Akkumul\u00e1toros m\u0171k\u00f6d\u00e9s &gt; 10 \u00e9v \u00e9lettartammal, 15 perces \u00e1tviteli id\u0151k\u00f6zzel<\/li><li class=\"p1\">Bels\u0151 antenna<\/li><\/ul><p><a href=\"https:\/\/mt-merestechnika.net\/wp-content\/uploads\/2024\/02\/PADP-M2-W.pdf\" target=\"_blank\" rel=\"noopener\">A term\u00e9k m\u0171szaki adatlapja<\/a><\/p>\t\t\t\t\t\t\t\t<\/div>\n\t\t\t\t<\/div>\n\t\t\t\t\t<\/div>\n\t\t<\/div>\n\t\t\t\t<div class=\"elementor-column elementor-col-50 elementor-top-column elementor-element elementor-element-7d4a87d\" data-id=\"7d4a87d\" data-element_type=\"column\" data-e-type=\"column\">\n\t\t\t<div class=\"elementor-widget-wrap elementor-element-populated\">\n\t\t\t\t\t\t<div class=\"elementor-element elementor-element-b0eebff elementor-widget elementor-widget-image\" data-id=\"b0eebff\" data-element_type=\"widget\" data-e-type=\"widget\" data-widget_type=\"image.default\">\n\t\t\t\t<div class=\"elementor-widget-container\">\n\t\t\t\t\t\t\t\t\t\t\t\t\t\t\t<img decoding=\"async\" src=\"https:\/\/www.messtechnik.at\/wordpress\/wp-content\/uploads\/2023\/02\/PADP-M2W.jpg\" title=\"\" alt=\"\" loading=\"lazy\" \/>\t\t\t\t\t\t\t\t\t\t\t\t\t\t\t<\/div>\n\t\t\t\t<\/div>\n\t\t\t\t\t<\/div>\n\t\t<\/div>\n\t\t\t\t\t<\/div>\n\t\t<\/section>\n\t\t\t\t<\/div>\n\t\t","protected":false},"excerpt":{"rendered":"<p>Vezet\u00e9k n\u00e9lk\u00fcli M-Bus 2 csatorn\u00e1s PADP-M2-W t\u00edpus\u00fa impulzusadapter impulzuskimenettel rendelkez\u0151 hagyom\u00e1nyos fogyaszt\u00e1sm\u00e9r\u0151k vezet\u00e9k n\u00e9lk\u00fcli M-Bus r\u00e1di\u00f3h\u00e1l\u00f3zatba t\u00f6rt\u00e9n\u0151 integr\u00e1l\u00e1s\u00e1hoz Vezet\u00e9k n\u00e9lk\u00fcli M-Bus 2 csatorn\u00e1s PADP-M2-W t\u00edpus\u00fa impulzusadapter impulzuskimenettel rendelkez\u0151 hagyom\u00e1nyos fogyaszt\u00e1sm\u00e9r\u0151k vezet\u00e9k n\u00e9lk\u00fcli M-Bus r\u00e1di\u00f3h\u00e1l\u00f3zatba t\u00f6rt\u00e9n\u0151 integr\u00e1l\u00e1s\u00e1hoz a k\u00f6vetkez\u0151 m\u0171szaki jellemz\u0151kkel: A PADP-M2-W t\u00edpus\u00fa k\u00e9sz\u00fcl\u00e9k impulzuskimenettel rendelkez\u0151, legfeljebb kett\u0151 hagyom\u00e1nyos fogyaszt\u00e1sm\u00e9r\u0151k vezet\u00e9k n\u00e9lk\u00fcli M-Bus r\u00e1di\u00f3s rendszerbe [&hellip;]<\/p>\n","protected":false},"author":1,"featured_media":0,"parent":17727,"menu_order":0,"comment_status":"closed","ping_status":"closed","template":"","meta":{"ocean_post_layout":"","ocean_both_sidebars_style":"","ocean_both_sidebars_content_width":0,"ocean_both_sidebars_sidebars_width":0,"ocean_sidebar":"0","ocean_second_sidebar":"0","ocean_disable_margins":"enable","ocean_add_body_class":"","ocean_shortcode_before_top_bar":"","ocean_shortcode_after_top_bar":"","ocean_shortcode_before_header":"","ocean_shortcode_after_header":"","ocean_has_shortcode":"","ocean_shortcode_after_title":"","ocean_shortcode_before_footer_widgets":"","ocean_shortcode_after_footer_widgets":"","ocean_shortcode_before_footer_bottom":"","ocean_shortcode_after_footer_bottom":"","ocean_display_top_bar":"default","ocean_display_header":"default","ocean_header_style":"","ocean_center_header_left_menu":"0","ocean_custom_header_template":"0","ocean_custom_logo":0,"ocean_custom_retina_logo":0,"ocean_custom_logo_max_width":0,"ocean_custom_logo_tablet_max_width":0,"ocean_custom_logo_mobile_max_width":0,"ocean_custom_logo_max_height":0,"ocean_custom_logo_tablet_max_height":0,"ocean_custom_logo_mobile_max_height":0,"ocean_header_custom_menu":"0","ocean_menu_typo_font_family":"0","ocean_menu_typo_font_subset":"","ocean_menu_typo_font_size":0,"ocean_menu_typo_font_size_tablet":0,"ocean_menu_typo_font_size_mobile":0,"ocean_menu_typo_font_size_unit":"px","ocean_menu_typo_font_weight":"","ocean_menu_typo_font_weight_tablet":"","ocean_menu_typo_font_weight_mobile":"","ocean_menu_typo_transform":"","ocean_menu_typo_transform_tablet":"","ocean_menu_typo_transform_mobile":"","ocean_menu_typo_line_height":0,"ocean_menu_typo_line_height_tablet":0,"ocean_menu_typo_line_height_mobile":0,"ocean_menu_typo_line_height_unit":"","ocean_menu_typo_spacing":0,"ocean_menu_typo_spacing_tablet":0,"ocean_menu_typo_spacing_mobile":0,"ocean_menu_typo_spacing_unit":"","ocean_menu_link_color":"","ocean_menu_link_color_hover":"","ocean_menu_link_color_active":"","ocean_menu_link_background":"","ocean_menu_link_hover_background":"","ocean_menu_link_active_background":"","ocean_menu_social_links_bg":"","ocean_menu_social_hover_links_bg":"","ocean_menu_social_links_color":"","ocean_menu_social_hover_links_color":"","ocean_disable_title":"default","ocean_disable_heading":"default","ocean_post_title":"","ocean_post_subheading":"","ocean_post_title_style":"","ocean_post_title_background_color":"","ocean_post_title_background":0,"ocean_post_title_bg_image_position":"","ocean_post_title_bg_image_attachment":"","ocean_post_title_bg_image_repeat":"","ocean_post_title_bg_image_size":"","ocean_post_title_height":0,"ocean_post_title_bg_overlay":0.5,"ocean_post_title_bg_overlay_color":"","ocean_disable_breadcrumbs":"default","ocean_breadcrumbs_color":"","ocean_breadcrumbs_separator_color":"","ocean_breadcrumbs_links_color":"","ocean_breadcrumbs_links_hover_color":"","ocean_display_footer_widgets":"default","ocean_display_footer_bottom":"default","ocean_custom_footer_template":"0","footnotes":""},"class_list":["post-18532","page","type-page","status-publish","hentry","entry","owp-thumbs-layout-horizontal","owp-btn-normal","owp-tabs-layout-horizontal","has-no-thumbnails","has-product-nav"],"yoast_head":"<!-- This site is optimized with the Yoast SEO plugin v27.6 - https:\/\/yoast.com\/product\/yoast-seo-wordpress\/ -->\n<title>Elektronischer Wohnungswasserz\u00e4hler<\/title>\n<meta name=\"robots\" content=\"index, follow, max-snippet:-1, max-image-preview:large, max-video-preview:-1\" \/>\n<link rel=\"canonical\" href=\"https:\/\/mt-merestechnika.net\/index.php\/proizvodi\/wireless-m-bus\/padp-m2-w\/\" \/>\n<meta property=\"og:locale\" content=\"de_DE\" \/>\n<meta property=\"og:type\" content=\"article\" \/>\n<meta property=\"og:title\" content=\"Elektronischer Wohnungswasserz\u00e4hler\" \/>\n<meta property=\"og:description\" content=\"Vezet\u00e9k n\u00e9lk\u00fcli M-Bus 2 csatorn\u00e1s PADP-M2-W t\u00edpus\u00fa impulzusadapter impulzuskimenettel rendelkez\u0151 hagyom\u00e1nyos fogyaszt\u00e1sm\u00e9r\u0151k vezet\u00e9k n\u00e9lk\u00fcli M-Bus r\u00e1di\u00f3h\u00e1l\u00f3zatba t\u00f6rt\u00e9n\u0151 integr\u00e1l\u00e1s\u00e1hoz Vezet\u00e9k n\u00e9lk\u00fcli M-Bus 2 csatorn\u00e1s PADP-M2-W t\u00edpus\u00fa impulzusadapter impulzuskimenettel rendelkez\u0151 hagyom\u00e1nyos fogyaszt\u00e1sm\u00e9r\u0151k vezet\u00e9k n\u00e9lk\u00fcli M-Bus r\u00e1di\u00f3h\u00e1l\u00f3zatba t\u00f6rt\u00e9n\u0151 integr\u00e1l\u00e1s\u00e1hoz a k\u00f6vetkez\u0151 m\u0171szaki jellemz\u0151kkel: A PADP-M2-W t\u00edpus\u00fa k\u00e9sz\u00fcl\u00e9k impulzuskimenettel rendelkez\u0151, legfeljebb kett\u0151 hagyom\u00e1nyos fogyaszt\u00e1sm\u00e9r\u0151k vezet\u00e9k n\u00e9lk\u00fcli M-Bus r\u00e1di\u00f3s rendszerbe [&hellip;]\" \/>\n<meta property=\"og:url\" content=\"https:\/\/mt-merestechnika.net\/index.php\/proizvodi\/wireless-m-bus\/padp-m2-w\/\" \/>\n<meta property=\"og:site_name\" content=\"MT M\u00e9r\u00e9stechnika\" \/>\n<meta property=\"article:modified_time\" content=\"2025-09-08T12:31:02+00:00\" \/>\n<meta property=\"og:image\" content=\"https:\/\/www.messtechnik.at\/wordpress\/wp-content\/uploads\/2023\/02\/PADP-M2W.jpg\" \/>\n<meta name=\"twitter:card\" content=\"summary_large_image\" \/>\n<meta name=\"twitter:label1\" content=\"Gesch\u00e4tzte Lesezeit\" \/>\n\t<meta name=\"twitter:data1\" content=\"2\u00a0Minuten\" \/>\n<script type=\"application\/ld+json\" class=\"yoast-schema-graph\">{\"@context\":\"https:\\\/\\\/schema.org\",\"@graph\":[{\"@type\":\"WebPage\",\"@id\":\"https:\\\/\\\/mt-merestechnika.net\\\/index.php\\\/proizvodi\\\/wireless-m-bus\\\/padp-m2-w\\\/\",\"url\":\"https:\\\/\\\/mt-merestechnika.net\\\/index.php\\\/proizvodi\\\/wireless-m-bus\\\/padp-m2-w\\\/\",\"name\":\"Elektronischer Wohnungswasserz\u00e4hler\",\"isPartOf\":{\"@id\":\"https:\\\/\\\/mt-merestechnika.net\\\/#website\"},\"primaryImageOfPage\":{\"@id\":\"https:\\\/\\\/mt-merestechnika.net\\\/index.php\\\/proizvodi\\\/wireless-m-bus\\\/padp-m2-w\\\/#primaryimage\"},\"image\":{\"@id\":\"https:\\\/\\\/mt-merestechnika.net\\\/index.php\\\/proizvodi\\\/wireless-m-bus\\\/padp-m2-w\\\/#primaryimage\"},\"thumbnailUrl\":\"https:\\\/\\\/www.messtechnik.at\\\/wordpress\\\/wp-content\\\/uploads\\\/2023\\\/02\\\/PADP-M2W.jpg\",\"datePublished\":\"2023-02-02T14:48:18+00:00\",\"dateModified\":\"2025-09-08T12:31:02+00:00\",\"breadcrumb\":{\"@id\":\"https:\\\/\\\/mt-merestechnika.net\\\/index.php\\\/proizvodi\\\/wireless-m-bus\\\/padp-m2-w\\\/#breadcrumb\"},\"inLanguage\":\"de\",\"potentialAction\":[{\"@type\":\"ReadAction\",\"target\":[\"https:\\\/\\\/mt-merestechnika.net\\\/index.php\\\/proizvodi\\\/wireless-m-bus\\\/padp-m2-w\\\/\"]}]},{\"@type\":\"ImageObject\",\"inLanguage\":\"de\",\"@id\":\"https:\\\/\\\/mt-merestechnika.net\\\/index.php\\\/proizvodi\\\/wireless-m-bus\\\/padp-m2-w\\\/#primaryimage\",\"url\":\"https:\\\/\\\/www.messtechnik.at\\\/wordpress\\\/wp-content\\\/uploads\\\/2023\\\/02\\\/PADP-M2W.jpg\",\"contentUrl\":\"https:\\\/\\\/www.messtechnik.at\\\/wordpress\\\/wp-content\\\/uploads\\\/2023\\\/02\\\/PADP-M2W.jpg\"},{\"@type\":\"BreadcrumbList\",\"@id\":\"https:\\\/\\\/mt-merestechnika.net\\\/index.php\\\/proizvodi\\\/wireless-m-bus\\\/padp-m2-w\\\/#breadcrumb\",\"itemListElement\":[{\"@type\":\"ListItem\",\"position\":1,\"name\":\"Start\",\"item\":\"https:\\\/\\\/mt-merestechnika.net\\\/\"},{\"@type\":\"ListItem\",\"position\":2,\"name\":\"Term\u00e9kek\",\"item\":\"https:\\\/\\\/mt-merestechnika.net\\\/index.php\\\/proizvodi\\\/\"},{\"@type\":\"ListItem\",\"position\":3,\"name\":\"Vezet\u00e9k n\u00e9lk\u00fcli M-busos walk-by rendszerek\",\"item\":\"https:\\\/\\\/mt-merestechnika.net\\\/index.php\\\/proizvodi\\\/wireless-m-bus\\\/\"},{\"@type\":\"ListItem\",\"position\":4,\"name\":\"PADP-M2-W\"}]},{\"@type\":\"WebSite\",\"@id\":\"https:\\\/\\\/mt-merestechnika.net\\\/#website\",\"url\":\"https:\\\/\\\/mt-merestechnika.net\\\/\",\"name\":\"MT M\u00e9r\u00e9stechnika\",\"description\":\"AZ \u00d6N ENERGIAPARTNERE\",\"publisher\":{\"@id\":\"https:\\\/\\\/mt-merestechnika.net\\\/#organization\"},\"potentialAction\":[{\"@type\":\"SearchAction\",\"target\":{\"@type\":\"EntryPoint\",\"urlTemplate\":\"https:\\\/\\\/mt-merestechnika.net\\\/?s={search_term_string}\"},\"query-input\":{\"@type\":\"PropertyValueSpecification\",\"valueRequired\":true,\"valueName\":\"search_term_string\"}}],\"inLanguage\":\"de\"},{\"@type\":\"Organization\",\"@id\":\"https:\\\/\\\/mt-merestechnika.net\\\/#organization\",\"name\":\"MT M\u00e9r\u00e9stechnika\",\"url\":\"https:\\\/\\\/mt-merestechnika.net\\\/\",\"logo\":{\"@type\":\"ImageObject\",\"inLanguage\":\"de\",\"@id\":\"https:\\\/\\\/mt-merestechnika.net\\\/#\\\/schema\\\/logo\\\/image\\\/\",\"url\":\"https:\\\/\\\/mt-merestechnika.net\\\/wp-content\\\/uploads\\\/2023\\\/11\\\/cropped-logo_hu_web_425px.png\",\"contentUrl\":\"https:\\\/\\\/mt-merestechnika.net\\\/wp-content\\\/uploads\\\/2023\\\/11\\\/cropped-logo_hu_web_425px.png\",\"width\":425,\"height\":65,\"caption\":\"MT M\u00e9r\u00e9stechnika\"},\"image\":{\"@id\":\"https:\\\/\\\/mt-merestechnika.net\\\/#\\\/schema\\\/logo\\\/image\\\/\"}}]}<\/script>\n<!-- \/ Yoast SEO plugin. -->","yoast_head_json":{"title":"Elektronischer Wohnungswasserz\u00e4hler","robots":{"index":"index","follow":"follow","max-snippet":"max-snippet:-1","max-image-preview":"max-image-preview:large","max-video-preview":"max-video-preview:-1"},"canonical":"https:\/\/mt-merestechnika.net\/index.php\/proizvodi\/wireless-m-bus\/padp-m2-w\/","og_locale":"de_DE","og_type":"article","og_title":"Elektronischer Wohnungswasserz\u00e4hler","og_description":"Vezet\u00e9k n\u00e9lk\u00fcli M-Bus 2 csatorn\u00e1s PADP-M2-W t\u00edpus\u00fa impulzusadapter impulzuskimenettel rendelkez\u0151 hagyom\u00e1nyos fogyaszt\u00e1sm\u00e9r\u0151k vezet\u00e9k n\u00e9lk\u00fcli M-Bus r\u00e1di\u00f3h\u00e1l\u00f3zatba t\u00f6rt\u00e9n\u0151 integr\u00e1l\u00e1s\u00e1hoz Vezet\u00e9k n\u00e9lk\u00fcli M-Bus 2 csatorn\u00e1s PADP-M2-W t\u00edpus\u00fa impulzusadapter impulzuskimenettel rendelkez\u0151 hagyom\u00e1nyos fogyaszt\u00e1sm\u00e9r\u0151k vezet\u00e9k n\u00e9lk\u00fcli M-Bus r\u00e1di\u00f3h\u00e1l\u00f3zatba t\u00f6rt\u00e9n\u0151 integr\u00e1l\u00e1s\u00e1hoz a k\u00f6vetkez\u0151 m\u0171szaki jellemz\u0151kkel: A PADP-M2-W t\u00edpus\u00fa k\u00e9sz\u00fcl\u00e9k impulzuskimenettel rendelkez\u0151, legfeljebb kett\u0151 hagyom\u00e1nyos fogyaszt\u00e1sm\u00e9r\u0151k vezet\u00e9k n\u00e9lk\u00fcli M-Bus r\u00e1di\u00f3s rendszerbe [&hellip;]","og_url":"https:\/\/mt-merestechnika.net\/index.php\/proizvodi\/wireless-m-bus\/padp-m2-w\/","og_site_name":"MT M\u00e9r\u00e9stechnika","article_modified_time":"2025-09-08T12:31:02+00:00","og_image":[{"url":"https:\/\/www.messtechnik.at\/wordpress\/wp-content\/uploads\/2023\/02\/PADP-M2W.jpg","type":"","width":"","height":""}],"twitter_card":"summary_large_image","twitter_misc":{"Gesch\u00e4tzte Lesezeit":"2\u00a0Minuten"},"schema":{"@context":"https:\/\/schema.org","@graph":[{"@type":"WebPage","@id":"https:\/\/mt-merestechnika.net\/index.php\/proizvodi\/wireless-m-bus\/padp-m2-w\/","url":"https:\/\/mt-merestechnika.net\/index.php\/proizvodi\/wireless-m-bus\/padp-m2-w\/","name":"Elektronischer Wohnungswasserz\u00e4hler","isPartOf":{"@id":"https:\/\/mt-merestechnika.net\/#website"},"primaryImageOfPage":{"@id":"https:\/\/mt-merestechnika.net\/index.php\/proizvodi\/wireless-m-bus\/padp-m2-w\/#primaryimage"},"image":{"@id":"https:\/\/mt-merestechnika.net\/index.php\/proizvodi\/wireless-m-bus\/padp-m2-w\/#primaryimage"},"thumbnailUrl":"https:\/\/www.messtechnik.at\/wordpress\/wp-content\/uploads\/2023\/02\/PADP-M2W.jpg","datePublished":"2023-02-02T14:48:18+00:00","dateModified":"2025-09-08T12:31:02+00:00","breadcrumb":{"@id":"https:\/\/mt-merestechnika.net\/index.php\/proizvodi\/wireless-m-bus\/padp-m2-w\/#breadcrumb"},"inLanguage":"de","potentialAction":[{"@type":"ReadAction","target":["https:\/\/mt-merestechnika.net\/index.php\/proizvodi\/wireless-m-bus\/padp-m2-w\/"]}]},{"@type":"ImageObject","inLanguage":"de","@id":"https:\/\/mt-merestechnika.net\/index.php\/proizvodi\/wireless-m-bus\/padp-m2-w\/#primaryimage","url":"https:\/\/www.messtechnik.at\/wordpress\/wp-content\/uploads\/2023\/02\/PADP-M2W.jpg","contentUrl":"https:\/\/www.messtechnik.at\/wordpress\/wp-content\/uploads\/2023\/02\/PADP-M2W.jpg"},{"@type":"BreadcrumbList","@id":"https:\/\/mt-merestechnika.net\/index.php\/proizvodi\/wireless-m-bus\/padp-m2-w\/#breadcrumb","itemListElement":[{"@type":"ListItem","position":1,"name":"Start","item":"https:\/\/mt-merestechnika.net\/"},{"@type":"ListItem","position":2,"name":"Term\u00e9kek","item":"https:\/\/mt-merestechnika.net\/index.php\/proizvodi\/"},{"@type":"ListItem","position":3,"name":"Vezet\u00e9k n\u00e9lk\u00fcli M-busos walk-by rendszerek","item":"https:\/\/mt-merestechnika.net\/index.php\/proizvodi\/wireless-m-bus\/"},{"@type":"ListItem","position":4,"name":"PADP-M2-W"}]},{"@type":"WebSite","@id":"https:\/\/mt-merestechnika.net\/#website","url":"https:\/\/mt-merestechnika.net\/","name":"MT M\u00e9r\u00e9stechnika","description":"AZ \u00d6N ENERGIAPARTNERE","publisher":{"@id":"https:\/\/mt-merestechnika.net\/#organization"},"potentialAction":[{"@type":"SearchAction","target":{"@type":"EntryPoint","urlTemplate":"https:\/\/mt-merestechnika.net\/?s={search_term_string}"},"query-input":{"@type":"PropertyValueSpecification","valueRequired":true,"valueName":"search_term_string"}}],"inLanguage":"de"},{"@type":"Organization","@id":"https:\/\/mt-merestechnika.net\/#organization","name":"MT M\u00e9r\u00e9stechnika","url":"https:\/\/mt-merestechnika.net\/","logo":{"@type":"ImageObject","inLanguage":"de","@id":"https:\/\/mt-merestechnika.net\/#\/schema\/logo\/image\/","url":"https:\/\/mt-merestechnika.net\/wp-content\/uploads\/2023\/11\/cropped-logo_hu_web_425px.png","contentUrl":"https:\/\/mt-merestechnika.net\/wp-content\/uploads\/2023\/11\/cropped-logo_hu_web_425px.png","width":425,"height":65,"caption":"MT M\u00e9r\u00e9stechnika"},"image":{"@id":"https:\/\/mt-merestechnika.net\/#\/schema\/logo\/image\/"}}]}},"jetpack_sharing_enabled":true,"_links":{"self":[{"href":"https:\/\/mt-merestechnika.net\/index.php\/wp-json\/wp\/v2\/pages\/18532","targetHints":{"allow":["GET"]}}],"collection":[{"href":"https:\/\/mt-merestechnika.net\/index.php\/wp-json\/wp\/v2\/pages"}],"about":[{"href":"https:\/\/mt-merestechnika.net\/index.php\/wp-json\/wp\/v2\/types\/page"}],"author":[{"embeddable":true,"href":"https:\/\/mt-merestechnika.net\/index.php\/wp-json\/wp\/v2\/users\/1"}],"replies":[{"embeddable":true,"href":"https:\/\/mt-merestechnika.net\/index.php\/wp-json\/wp\/v2\/comments?post=18532"}],"version-history":[{"count":5,"href":"https:\/\/mt-merestechnika.net\/index.php\/wp-json\/wp\/v2\/pages\/18532\/revisions"}],"predecessor-version":[{"id":21603,"href":"https:\/\/mt-merestechnika.net\/index.php\/wp-json\/wp\/v2\/pages\/18532\/revisions\/21603"}],"up":[{"embeddable":true,"href":"https:\/\/mt-merestechnika.net\/index.php\/wp-json\/wp\/v2\/pages\/17727"}],"wp:attachment":[{"href":"https:\/\/mt-merestechnika.net\/index.php\/wp-json\/wp\/v2\/media?parent=18532"}],"curies":[{"name":"wp","href":"https:\/\/api.w.org\/{rel}","templated":true}]}}