{"id":170,"date":"2023-04-07T10:27:36","date_gmt":"2023-04-07T10:27:36","guid":{"rendered":"https:\/\/mt-mjernatehnika.com\/wordpress\/q-smoke-genius-h\/"},"modified":"2025-09-08T13:07:18","modified_gmt":"2025-09-08T13:07:18","slug":"q-smoke-genius-h","status":"publish","type":"page","link":"https:\/\/mt-merestechnika.net\/index.php\/q-smoke-genius-h\/","title":{"rendered":"Q-SMOKE-GENIUS-H"},"content":{"rendered":"\t\t<div data-elementor-type=\"wp-page\" data-elementor-id=\"170\" class=\"elementor elementor-170\">\n\t\t\t\t\t\t<section class=\"elementor-section elementor-top-section elementor-element elementor-element-72f55770 elementor-section-boxed elementor-section-height-default elementor-section-height-default\" data-id=\"72f55770\" data-element_type=\"section\" data-e-type=\"section\">\n\t\t\t\t\t\t<div class=\"elementor-container elementor-column-gap-default\">\n\t\t\t\t\t<div class=\"elementor-column elementor-col-100 elementor-top-column elementor-element elementor-element-51dc9b5e\" data-id=\"51dc9b5e\" data-element_type=\"column\" data-e-type=\"column\">\n\t\t\t<div class=\"elementor-widget-wrap elementor-element-populated\">\n\t\t\t\t\t\t<div class=\"elementor-element elementor-element-1af641e8 elementor-widget elementor-widget-heading\" data-id=\"1af641e8\" data-element_type=\"widget\" data-e-type=\"widget\" data-widget_type=\"heading.default\">\n\t\t\t\t<div class=\"elementor-widget-container\">\n\t\t\t\t\t<h1 class=\"elementor-heading-title elementor-size-default\">Ure\u0111aj za detekciju dima tip Qundis Q-SMOKE-\nGENIUS (samostoje\u0107i ure\u0111aj, bez radijskog modula, bez mogu\u0107nosti daljinskog pregleda)<\/h1>\t\t\t\t<\/div>\n\t\t\t\t<\/div>\n\t\t\t\t\t<\/div>\n\t\t<\/div>\n\t\t\t\t\t<\/div>\n\t\t<\/section>\n\t\t\t\t<section class=\"elementor-section elementor-top-section elementor-element elementor-element-20674d00 elementor-section-boxed elementor-section-height-default elementor-section-height-default\" data-id=\"20674d00\" data-element_type=\"section\" data-e-type=\"section\">\n\t\t\t\t\t\t<div class=\"elementor-container elementor-column-gap-default\">\n\t\t\t\t\t<div class=\"elementor-column elementor-col-100 elementor-top-column elementor-element elementor-element-2cfcf66c\" data-id=\"2cfcf66c\" data-element_type=\"column\" data-e-type=\"column\">\n\t\t\t<div class=\"elementor-widget-wrap elementor-element-populated\">\n\t\t\t\t\t\t<div class=\"elementor-element elementor-element-276ddbb7 elementor-widget elementor-widget-text-editor\" data-id=\"276ddbb7\" data-element_type=\"widget\" data-e-type=\"widget\" data-widget_type=\"text-editor.default\">\n\t\t\t\t<div class=\"elementor-widget-container\">\n\t\t\t\t\t\t\t\t\t<p><strong>Ure\u0111aj za detekciju dima tip Qundis Q-SMOKE-GENIUS-H, standard proizvoda certificiran prema DIN EN 14604:2005 i prema VFDB smjernici 14-01:2009-10, s ugra\u0111enom 10-godi\u0161njom baterijom, sa sljede\u0107im specifikacijama:<\/strong><\/p>\t\t\t\t\t\t\t\t<\/div>\n\t\t\t\t<\/div>\n\t\t\t\t\t<\/div>\n\t\t<\/div>\n\t\t\t\t\t<\/div>\n\t\t<\/section>\n\t\t\t\t<section class=\"elementor-section elementor-top-section elementor-element elementor-element-650d3975 elementor-section-boxed elementor-section-height-default elementor-section-height-default\" data-id=\"650d3975\" data-element_type=\"section\" data-e-type=\"section\">\n\t\t\t\t\t\t<div class=\"elementor-container elementor-column-gap-default\">\n\t\t\t\t\t<div class=\"elementor-column elementor-col-50 elementor-top-column elementor-element elementor-element-50382742\" data-id=\"50382742\" data-element_type=\"column\" data-e-type=\"column\">\n\t\t\t<div class=\"elementor-widget-wrap elementor-element-populated\">\n\t\t\t\t\t\t<div class=\"elementor-element elementor-element-562a7876 elementor-widget elementor-widget-text-editor\" data-id=\"562a7876\" data-element_type=\"widget\" data-e-type=\"widget\" data-widget_type=\"text-editor.default\">\n\t\t\t\t<div class=\"elementor-widget-container\">\n\t\t\t\t\t\t\t\t\t<ul><li>standard proizvoda ure\u0111aja certificiran prema DIN EN 14604:2005<\/li><li>fotoelektri\u010dnim postupkom ure\u0111aj detektira opasne koncentracije dimnog plina u ranoj fazi i aktivira zvu\u010dni alarm u slu\u010daju opasnosti<\/li><li>ugra\u0111ena litijska baterija osigurava neprekidnu radnu spremnost tijekom 10 godina<\/li><li>Q-SMOKE-GENIUS-H certificiran je u skladu sa strogim Q standardima i stoga je jedan od kvalitetnih proizvoda na tr\u017ei\u0161tu ure\u0111aja za detekciju dima<br \/>kompenzacija one\u010di\u0161\u0107enja &#8211; samostoje\u0107i ure\u0111aj za detekciju dima<br \/>Q-SMOKE-GENIUS-H prilago\u0111ava svoj osnovni signal prema stupnju one\u010di\u0161\u0107enja i tako posti\u017ee vijek trajanja koji je 2,5 puta du\u017ei od ure\u0111aja za detekciju dima bez kompenzacije. Osim toga, ure\u0111aj za detekciju dima koristi prethodno one\u010di\u0161\u0107enje kako bi izra\u010dunao koliko dugo jo\u0161 mo\u017ee sigurno raditi u istim uvjetima okoline<\/li><li>te\u0161ki uvjeti &#8211; Q-SMOKE-GENIUS-H je bio opremljen sna\u017enim mikrokontrolerom. To omogu\u0107uje implementaciju dodatnih softverskih algoritama kako bi ure\u0111aj bio prikladan za pouzdanu upotrebu, na primjer na tavanima ili stubi\u0161tima bez mraza<\/li><li>automatsko uklju\u010divanje\/isklju\u010divanje \u2013 na dnu Q-SMOKE-GENIUS-H nalazi se magnet koji automatski aktivira ure\u0111aj za dojavu dima kada se uvrne i pokre\u0107e testiranje funkcije. Kada ga odvrnete iz postolja, detektor se automatski isklju\u010duje nakon 5 minuta. Prilikom uklanjanja, svi doga\u0111aji koji su trenutno na \u010dekanju se potvr\u0111uju paralelno<\/li><li>integrirani sat stvarnog vremena \u2013 kako ne bi ometali no\u0107ni san stanara, statusne poruke (npr. slaba baterija) uti\u0161avaju se izme\u0111u 22:00 i 6:00 sati (zimsko vrijeme CET), koje ne utje\u010du na rad ure\u0111aja za detekciju dima. Vizualni zaslon je zatamnjen no\u0107u<\/li><li>poja\u010dana za\u0161tita od ulaska stranih tijela u mjernu komoru<\/li><li>pove\u0107ana otpornost na vla\u017enu sobnu klimu, koroziju, promjene temperature, udare i elektromagnetske smetnje<\/li><li>nadzorna povr\u0161ina \u2013 maksimalno 60 m\u00b2<\/li><li>provjera putem gumba za ispitivanje, jesu li se alarmi aktivirali u posljednja tri mjeseca<\/li><li>mogu\u0107a monta\u017ea na jednu rupu<\/li><li>mo\u017ee se pri\u010dvrstiti pomo\u0107u ljepljive podloge<\/li><\/ul><div><p><a href=\"https:\/\/mt-merestechnika.net\/index.php\/wordpress\/wp-content\/uploads\/2023\/04\/Uredaj-za-detekciju-dima-tip-Qundis-Q-SMOKE-GENIUS.pdf\" target=\"_blank\" rel=\"noopener\">Tehni\u010dki list proizvoda<\/a>\u00a0<\/p><\/div>\t\t\t\t\t\t\t\t<\/div>\n\t\t\t\t<\/div>\n\t\t\t\t\t<\/div>\n\t\t<\/div>\n\t\t\t\t<div class=\"elementor-column elementor-col-50 elementor-top-column elementor-element elementor-element-78af8e10\" data-id=\"78af8e10\" data-element_type=\"column\" data-e-type=\"column\">\n\t\t\t<div class=\"elementor-widget-wrap elementor-element-populated\">\n\t\t\t\t\t\t<div class=\"elementor-element elementor-element-22143ba elementor-widget elementor-widget-image\" data-id=\"22143ba\" data-element_type=\"widget\" data-e-type=\"widget\" data-widget_type=\"image.default\">\n\t\t\t\t<div class=\"elementor-widget-container\">\n\t\t\t\t\t\t\t\t\t\t\t\t\t\t\t<img fetchpriority=\"high\" decoding=\"async\" width=\"300\" height=\"300\" src=\"https:\/\/mt-merestechnika.net\/wp-content\/uploads\/2023\/04\/Bild-QSMoke-Genius-H_300x300.jpg\" class=\"attachment-medium size-medium wp-image-171\" alt=\"\" srcset=\"https:\/\/mt-merestechnika.net\/wp-content\/uploads\/2023\/04\/Bild-QSMoke-Genius-H_300x300.jpg 300w, https:\/\/mt-merestechnika.net\/wp-content\/uploads\/2023\/04\/Bild-QSMoke-Genius-H_300x300-150x150.jpg 150w, https:\/\/mt-merestechnika.net\/wp-content\/uploads\/2023\/04\/Bild-QSMoke-Genius-H_300x300-100x100.jpg 100w\" sizes=\"(max-width: 300px) 100vw, 300px\" \/>\t\t\t\t\t\t\t\t\t\t\t\t\t\t\t<\/div>\n\t\t\t\t<\/div>\n\t\t\t\t\t<\/div>\n\t\t<\/div>\n\t\t\t\t\t<\/div>\n\t\t<\/section>\n\t\t\t\t<section class=\"elementor-section elementor-top-section elementor-element elementor-element-7f57fcdd elementor-section-boxed elementor-section-height-default elementor-section-height-default\" data-id=\"7f57fcdd\" data-element_type=\"section\" data-e-type=\"section\">\n\t\t\t\t\t\t<div class=\"elementor-container elementor-column-gap-default\">\n\t\t\t\t\t<div class=\"elementor-column elementor-col-100 elementor-top-column elementor-element elementor-element-169447ad\" data-id=\"169447ad\" data-element_type=\"column\" data-e-type=\"column\">\n\t\t\t<div class=\"elementor-widget-wrap elementor-element-populated\">\n\t\t\t\t\t\t\t<\/div>\n\t\t<\/div>\n\t\t\t\t\t<\/div>\n\t\t<\/section>\n\t\t\t\t<\/div>\n\t\t","protected":false},"excerpt":{"rendered":"<p>Ure\u0111aj za detekciju dima tip Qundis Q-SMOKE- GENIUS (samostoje\u0107i ure\u0111aj, bez radijskog modula, bez mogu\u0107nosti daljinskog pregleda) Ure\u0111aj za detekciju dima tip Qundis Q-SMOKE-GENIUS-H, standard proizvoda certificiran prema DIN EN 14604:2005 i prema VFDB smjernici 14-01:2009-10, s ugra\u0111enom 10-godi\u0161njom baterijom, sa sljede\u0107im specifikacijama: standard proizvoda ure\u0111aja certificiran prema DIN EN 14604:2005 fotoelektri\u010dnim postupkom ure\u0111aj detektira [&hellip;]<\/p>\n","protected":false},"author":1,"featured_media":0,"parent":0,"menu_order":0,"comment_status":"closed","ping_status":"closed","template":"","meta":{"ocean_post_layout":"","ocean_both_sidebars_style":"","ocean_both_sidebars_content_width":0,"ocean_both_sidebars_sidebars_width":0,"ocean_sidebar":"0","ocean_second_sidebar":"0","ocean_disable_margins":"enable","ocean_add_body_class":"","ocean_shortcode_before_top_bar":"","ocean_shortcode_after_top_bar":"","ocean_shortcode_before_header":"","ocean_shortcode_after_header":"","ocean_has_shortcode":"","ocean_shortcode_after_title":"","ocean_shortcode_before_footer_widgets":"","ocean_shortcode_after_footer_widgets":"","ocean_shortcode_before_footer_bottom":"","ocean_shortcode_after_footer_bottom":"","ocean_display_top_bar":"default","ocean_display_header":"default","ocean_header_style":"","ocean_center_header_left_menu":"0","ocean_custom_header_template":"0","ocean_custom_logo":0,"ocean_custom_retina_logo":0,"ocean_custom_logo_max_width":0,"ocean_custom_logo_tablet_max_width":0,"ocean_custom_logo_mobile_max_width":0,"ocean_custom_logo_max_height":0,"ocean_custom_logo_tablet_max_height":0,"ocean_custom_logo_mobile_max_height":0,"ocean_header_custom_menu":"0","ocean_menu_typo_font_family":"0","ocean_menu_typo_font_subset":"","ocean_menu_typo_font_size":0,"ocean_menu_typo_font_size_tablet":0,"ocean_menu_typo_font_size_mobile":0,"ocean_menu_typo_font_size_unit":"px","ocean_menu_typo_font_weight":"","ocean_menu_typo_font_weight_tablet":"","ocean_menu_typo_font_weight_mobile":"","ocean_menu_typo_transform":"","ocean_menu_typo_transform_tablet":"","ocean_menu_typo_transform_mobile":"","ocean_menu_typo_line_height":0,"ocean_menu_typo_line_height_tablet":0,"ocean_menu_typo_line_height_mobile":0,"ocean_menu_typo_line_height_unit":"","ocean_menu_typo_spacing":0,"ocean_menu_typo_spacing_tablet":0,"ocean_menu_typo_spacing_mobile":0,"ocean_menu_typo_spacing_unit":"","ocean_menu_link_color":"","ocean_menu_link_color_hover":"","ocean_menu_link_color_active":"","ocean_menu_link_background":"","ocean_menu_link_hover_background":"","ocean_menu_link_active_background":"","ocean_menu_social_links_bg":"","ocean_menu_social_hover_links_bg":"","ocean_menu_social_links_color":"","ocean_menu_social_hover_links_color":"","ocean_disable_title":"default","ocean_disable_heading":"default","ocean_post_title":"","ocean_post_subheading":"","ocean_post_title_style":"","ocean_post_title_background_color":"","ocean_post_title_background":0,"ocean_post_title_bg_image_position":"","ocean_post_title_bg_image_attachment":"","ocean_post_title_bg_image_repeat":"","ocean_post_title_bg_image_size":"","ocean_post_title_height":0,"ocean_post_title_bg_overlay":0.5,"ocean_post_title_bg_overlay_color":"","ocean_disable_breadcrumbs":"default","ocean_breadcrumbs_color":"","ocean_breadcrumbs_separator_color":"","ocean_breadcrumbs_links_color":"","ocean_breadcrumbs_links_hover_color":"","ocean_display_footer_widgets":"default","ocean_display_footer_bottom":"default","ocean_custom_footer_template":"0","footnotes":""},"class_list":["post-170","page","type-page","status-publish","hentry","entry","owp-thumbs-layout-horizontal","owp-btn-normal","owp-tabs-layout-horizontal","has-no-thumbnails","has-product-nav"],"yoast_head":"<!-- This site is optimized with the Yoast SEO plugin v27.6 - https:\/\/yoast.com\/product\/yoast-seo-wordpress\/ -->\n<title>Q-SMOKE-GENIUS-H - MT M\u00e9r\u00e9stechnika<\/title>\n<meta name=\"robots\" content=\"index, follow, max-snippet:-1, max-image-preview:large, max-video-preview:-1\" \/>\n<link rel=\"canonical\" href=\"https:\/\/mt-merestechnika.net\/index.php\/q-smoke-genius-h\/\" \/>\n<meta property=\"og:locale\" content=\"de_DE\" \/>\n<meta property=\"og:type\" content=\"article\" \/>\n<meta property=\"og:title\" content=\"Q-SMOKE-GENIUS-H - MT M\u00e9r\u00e9stechnika\" \/>\n<meta property=\"og:description\" content=\"Ure\u0111aj za detekciju dima tip Qundis Q-SMOKE- GENIUS (samostoje\u0107i ure\u0111aj, bez radijskog modula, bez mogu\u0107nosti daljinskog pregleda) Ure\u0111aj za detekciju dima tip Qundis Q-SMOKE-GENIUS-H, standard proizvoda certificiran prema DIN EN 14604:2005 i prema VFDB smjernici 14-01:2009-10, s ugra\u0111enom 10-godi\u0161njom baterijom, sa sljede\u0107im specifikacijama: standard proizvoda ure\u0111aja certificiran prema DIN EN 14604:2005 fotoelektri\u010dnim postupkom ure\u0111aj detektira [&hellip;]\" \/>\n<meta property=\"og:url\" content=\"https:\/\/mt-merestechnika.net\/index.php\/q-smoke-genius-h\/\" \/>\n<meta property=\"og:site_name\" content=\"MT M\u00e9r\u00e9stechnika\" \/>\n<meta property=\"article:modified_time\" content=\"2025-09-08T13:07:18+00:00\" \/>\n<meta property=\"og:image\" content=\"https:\/\/mt-merestechnika.net\/index.php\/wordpress\/wp-content\/uploads\/2023\/04\/Bild-QSMoke-Genius-H_300x300.jpg\" \/>\n<meta name=\"twitter:card\" content=\"summary_large_image\" \/>\n<meta name=\"twitter:label1\" content=\"Gesch\u00e4tzte Lesezeit\" \/>\n\t<meta name=\"twitter:data1\" content=\"3\u00a0Minuten\" \/>\n<script type=\"application\/ld+json\" class=\"yoast-schema-graph\">{\"@context\":\"https:\\\/\\\/schema.org\",\"@graph\":[{\"@type\":\"WebPage\",\"@id\":\"https:\\\/\\\/mt-merestechnika.net\\\/index.php\\\/q-smoke-genius-h\\\/\",\"url\":\"https:\\\/\\\/mt-merestechnika.net\\\/index.php\\\/q-smoke-genius-h\\\/\",\"name\":\"Q-SMOKE-GENIUS-H - MT M\u00e9r\u00e9stechnika\",\"isPartOf\":{\"@id\":\"https:\\\/\\\/mt-merestechnika.net\\\/#website\"},\"primaryImageOfPage\":{\"@id\":\"https:\\\/\\\/mt-merestechnika.net\\\/index.php\\\/q-smoke-genius-h\\\/#primaryimage\"},\"image\":{\"@id\":\"https:\\\/\\\/mt-merestechnika.net\\\/index.php\\\/q-smoke-genius-h\\\/#primaryimage\"},\"thumbnailUrl\":\"https:\\\/\\\/mt-merestechnika.net\\\/index.php\\\/wordpress\\\/wp-content\\\/uploads\\\/2023\\\/04\\\/Bild-QSMoke-Genius-H_300x300.jpg\",\"datePublished\":\"2023-04-07T10:27:36+00:00\",\"dateModified\":\"2025-09-08T13:07:18+00:00\",\"breadcrumb\":{\"@id\":\"https:\\\/\\\/mt-merestechnika.net\\\/index.php\\\/q-smoke-genius-h\\\/#breadcrumb\"},\"inLanguage\":\"de\",\"potentialAction\":[{\"@type\":\"ReadAction\",\"target\":[\"https:\\\/\\\/mt-merestechnika.net\\\/index.php\\\/q-smoke-genius-h\\\/\"]}]},{\"@type\":\"ImageObject\",\"inLanguage\":\"de\",\"@id\":\"https:\\\/\\\/mt-merestechnika.net\\\/index.php\\\/q-smoke-genius-h\\\/#primaryimage\",\"url\":\"https:\\\/\\\/mt-merestechnika.net\\\/index.php\\\/wordpress\\\/wp-content\\\/uploads\\\/2023\\\/04\\\/Bild-QSMoke-Genius-H_300x300.jpg\",\"contentUrl\":\"https:\\\/\\\/mt-merestechnika.net\\\/index.php\\\/wordpress\\\/wp-content\\\/uploads\\\/2023\\\/04\\\/Bild-QSMoke-Genius-H_300x300.jpg\"},{\"@type\":\"BreadcrumbList\",\"@id\":\"https:\\\/\\\/mt-merestechnika.net\\\/index.php\\\/q-smoke-genius-h\\\/#breadcrumb\",\"itemListElement\":[{\"@type\":\"ListItem\",\"position\":1,\"name\":\"Start\",\"item\":\"https:\\\/\\\/mt-merestechnika.net\\\/\"},{\"@type\":\"ListItem\",\"position\":2,\"name\":\"Q-SMOKE-GENIUS-H\"}]},{\"@type\":\"WebSite\",\"@id\":\"https:\\\/\\\/mt-merestechnika.net\\\/#website\",\"url\":\"https:\\\/\\\/mt-merestechnika.net\\\/\",\"name\":\"MT M\u00e9r\u00e9stechnika\",\"description\":\"AZ \u00d6N ENERGIAPARTNERE\",\"publisher\":{\"@id\":\"https:\\\/\\\/mt-merestechnika.net\\\/#organization\"},\"potentialAction\":[{\"@type\":\"SearchAction\",\"target\":{\"@type\":\"EntryPoint\",\"urlTemplate\":\"https:\\\/\\\/mt-merestechnika.net\\\/?s={search_term_string}\"},\"query-input\":{\"@type\":\"PropertyValueSpecification\",\"valueRequired\":true,\"valueName\":\"search_term_string\"}}],\"inLanguage\":\"de\"},{\"@type\":\"Organization\",\"@id\":\"https:\\\/\\\/mt-merestechnika.net\\\/#organization\",\"name\":\"MT M\u00e9r\u00e9stechnika\",\"url\":\"https:\\\/\\\/mt-merestechnika.net\\\/\",\"logo\":{\"@type\":\"ImageObject\",\"inLanguage\":\"de\",\"@id\":\"https:\\\/\\\/mt-merestechnika.net\\\/#\\\/schema\\\/logo\\\/image\\\/\",\"url\":\"https:\\\/\\\/mt-merestechnika.net\\\/wp-content\\\/uploads\\\/2023\\\/11\\\/cropped-logo_hu_web_425px.png\",\"contentUrl\":\"https:\\\/\\\/mt-merestechnika.net\\\/wp-content\\\/uploads\\\/2023\\\/11\\\/cropped-logo_hu_web_425px.png\",\"width\":425,\"height\":65,\"caption\":\"MT M\u00e9r\u00e9stechnika\"},\"image\":{\"@id\":\"https:\\\/\\\/mt-merestechnika.net\\\/#\\\/schema\\\/logo\\\/image\\\/\"}}]}<\/script>\n<!-- \/ Yoast SEO plugin. -->","yoast_head_json":{"title":"Q-SMOKE-GENIUS-H - MT M\u00e9r\u00e9stechnika","robots":{"index":"index","follow":"follow","max-snippet":"max-snippet:-1","max-image-preview":"max-image-preview:large","max-video-preview":"max-video-preview:-1"},"canonical":"https:\/\/mt-merestechnika.net\/index.php\/q-smoke-genius-h\/","og_locale":"de_DE","og_type":"article","og_title":"Q-SMOKE-GENIUS-H - MT M\u00e9r\u00e9stechnika","og_description":"Ure\u0111aj za detekciju dima tip Qundis Q-SMOKE- GENIUS (samostoje\u0107i ure\u0111aj, bez radijskog modula, bez mogu\u0107nosti daljinskog pregleda) Ure\u0111aj za detekciju dima tip Qundis Q-SMOKE-GENIUS-H, standard proizvoda certificiran prema DIN EN 14604:2005 i prema VFDB smjernici 14-01:2009-10, s ugra\u0111enom 10-godi\u0161njom baterijom, sa sljede\u0107im specifikacijama: standard proizvoda ure\u0111aja certificiran prema DIN EN 14604:2005 fotoelektri\u010dnim postupkom ure\u0111aj detektira [&hellip;]","og_url":"https:\/\/mt-merestechnika.net\/index.php\/q-smoke-genius-h\/","og_site_name":"MT M\u00e9r\u00e9stechnika","article_modified_time":"2025-09-08T13:07:18+00:00","og_image":[{"url":"https:\/\/mt-merestechnika.net\/index.php\/wordpress\/wp-content\/uploads\/2023\/04\/Bild-QSMoke-Genius-H_300x300.jpg","type":"","width":"","height":""}],"twitter_card":"summary_large_image","twitter_misc":{"Gesch\u00e4tzte Lesezeit":"3\u00a0Minuten"},"schema":{"@context":"https:\/\/schema.org","@graph":[{"@type":"WebPage","@id":"https:\/\/mt-merestechnika.net\/index.php\/q-smoke-genius-h\/","url":"https:\/\/mt-merestechnika.net\/index.php\/q-smoke-genius-h\/","name":"Q-SMOKE-GENIUS-H - MT M\u00e9r\u00e9stechnika","isPartOf":{"@id":"https:\/\/mt-merestechnika.net\/#website"},"primaryImageOfPage":{"@id":"https:\/\/mt-merestechnika.net\/index.php\/q-smoke-genius-h\/#primaryimage"},"image":{"@id":"https:\/\/mt-merestechnika.net\/index.php\/q-smoke-genius-h\/#primaryimage"},"thumbnailUrl":"https:\/\/mt-merestechnika.net\/index.php\/wordpress\/wp-content\/uploads\/2023\/04\/Bild-QSMoke-Genius-H_300x300.jpg","datePublished":"2023-04-07T10:27:36+00:00","dateModified":"2025-09-08T13:07:18+00:00","breadcrumb":{"@id":"https:\/\/mt-merestechnika.net\/index.php\/q-smoke-genius-h\/#breadcrumb"},"inLanguage":"de","potentialAction":[{"@type":"ReadAction","target":["https:\/\/mt-merestechnika.net\/index.php\/q-smoke-genius-h\/"]}]},{"@type":"ImageObject","inLanguage":"de","@id":"https:\/\/mt-merestechnika.net\/index.php\/q-smoke-genius-h\/#primaryimage","url":"https:\/\/mt-merestechnika.net\/index.php\/wordpress\/wp-content\/uploads\/2023\/04\/Bild-QSMoke-Genius-H_300x300.jpg","contentUrl":"https:\/\/mt-merestechnika.net\/index.php\/wordpress\/wp-content\/uploads\/2023\/04\/Bild-QSMoke-Genius-H_300x300.jpg"},{"@type":"BreadcrumbList","@id":"https:\/\/mt-merestechnika.net\/index.php\/q-smoke-genius-h\/#breadcrumb","itemListElement":[{"@type":"ListItem","position":1,"name":"Start","item":"https:\/\/mt-merestechnika.net\/"},{"@type":"ListItem","position":2,"name":"Q-SMOKE-GENIUS-H"}]},{"@type":"WebSite","@id":"https:\/\/mt-merestechnika.net\/#website","url":"https:\/\/mt-merestechnika.net\/","name":"MT M\u00e9r\u00e9stechnika","description":"AZ \u00d6N ENERGIAPARTNERE","publisher":{"@id":"https:\/\/mt-merestechnika.net\/#organization"},"potentialAction":[{"@type":"SearchAction","target":{"@type":"EntryPoint","urlTemplate":"https:\/\/mt-merestechnika.net\/?s={search_term_string}"},"query-input":{"@type":"PropertyValueSpecification","valueRequired":true,"valueName":"search_term_string"}}],"inLanguage":"de"},{"@type":"Organization","@id":"https:\/\/mt-merestechnika.net\/#organization","name":"MT M\u00e9r\u00e9stechnika","url":"https:\/\/mt-merestechnika.net\/","logo":{"@type":"ImageObject","inLanguage":"de","@id":"https:\/\/mt-merestechnika.net\/#\/schema\/logo\/image\/","url":"https:\/\/mt-merestechnika.net\/wp-content\/uploads\/2023\/11\/cropped-logo_hu_web_425px.png","contentUrl":"https:\/\/mt-merestechnika.net\/wp-content\/uploads\/2023\/11\/cropped-logo_hu_web_425px.png","width":425,"height":65,"caption":"MT M\u00e9r\u00e9stechnika"},"image":{"@id":"https:\/\/mt-merestechnika.net\/#\/schema\/logo\/image\/"}}]}},"jetpack_sharing_enabled":true,"_links":{"self":[{"href":"https:\/\/mt-merestechnika.net\/index.php\/wp-json\/wp\/v2\/pages\/170","targetHints":{"allow":["GET"]}}],"collection":[{"href":"https:\/\/mt-merestechnika.net\/index.php\/wp-json\/wp\/v2\/pages"}],"about":[{"href":"https:\/\/mt-merestechnika.net\/index.php\/wp-json\/wp\/v2\/types\/page"}],"author":[{"embeddable":true,"href":"https:\/\/mt-merestechnika.net\/index.php\/wp-json\/wp\/v2\/users\/1"}],"replies":[{"embeddable":true,"href":"https:\/\/mt-merestechnika.net\/index.php\/wp-json\/wp\/v2\/comments?post=170"}],"version-history":[{"count":2,"href":"https:\/\/mt-merestechnika.net\/index.php\/wp-json\/wp\/v2\/pages\/170\/revisions"}],"predecessor-version":[{"id":21669,"href":"https:\/\/mt-merestechnika.net\/index.php\/wp-json\/wp\/v2\/pages\/170\/revisions\/21669"}],"wp:attachment":[{"href":"https:\/\/mt-merestechnika.net\/index.php\/wp-json\/wp\/v2\/media?parent=170"}],"curies":[{"name":"wp","href":"https:\/\/api.w.org\/{rel}","templated":true}]}}